 z be 416/12 + p/9. Is (-4)/14 + (0 - (-10055)/z) a prime number?
False
Suppose 874088 = 9*u - 266923. Is u composite?
True
Let v = -31887 - -70030. Is v a prime number?
False
Let n(v) = 1395*v**2 + 16*v - 472. Is n(11) composite?
False
Let g(k) = -936*k**2 - 12*k - 4. Let m(a) = -1404*a**2 - 18*a - 5. Let z(n) = -8*g(n) + 5*m(n). Is z(-5) composite?
False
Suppose 2*j - 1 = -5*z + 1, -j + 3*z = -12. Suppose -13 = -j*m + 11. Is 3 - -698*(5 - m) composite?
False
Let p(a) = 67*a**2 - 81*a + 608. Is p(-39) a composite number?
True
Let y(x) = -x**3 + 6*x**2 + 14*x - 6. Let c be y(16). Let o = -1369 - c. Is o composite?
True
Let c be 6/(-14) + 258/14. Suppose 40417 = -5*y + c*y. Is y composite?
False
Suppose 51*w + 4*l = 52*w - 127911, 3*l - 511663 = -4*w. Is w a prime number?
False
Let d = 768 + -42. Let j = d + -407. Is j a composite number?
True
Suppose 74*d + 57*d - 117*d - 83734 = 0. Is d prime?
True
Let c(l) = -69*l - 65. Let m be c(-1). Suppose -m*b + 85022 = 2*h, -2*h - 5*b + 59003 + 26019 = 0. Is h a prime number?
False
Is (-6)/20 - -58*((-1450241)/(-260) + 7) a composite number?
True
Suppose 4*m - 5*m - 4*o + 17 = 0, o + 22 = 5*m. Is 10/4*(-6)/m - -23402 composite?
False
Is (275873/6 - -24) + 2/12 a prime number?
False
Is (2 - 1)/(6269601/284981 + -22) a prime number?
False
Let v be 3/(((-273)/(-28))/13). Suppose m - 6*j + v*j = 3401, -j = 5*m - 17049. Is m a composite number?
True
Let s = 17 - 12. Suppose -2*r + 2*m = 2, -4*m - 1 = -3*r - 7. Suppose -r*i - 589 = -s*t, 49 = 2*t + i - 192. Is t composite?
True
Let a = 12 + -1. Let y(z) = 13*z - 23*z - a - 107*z. Is y(-6) a prime number?
True
Let o be (-3 - 84/1)*25/1. Let y = -1178 - o. Is y a prime number?
True
Let j be -7637 + 6/(24/28). Let y = j - -25149. Is y composite?
False
Suppose m = 1 + 8. Let v be 16 - (8 - -1) - -739. Suppose -11*c + m*c = -v. Is c a prime number?
True
Let y(f) = 2*f**3 - 11*f**2 - 8*f + 22. Let r = 149 - 130. Suppose -10 = q - r. Is y(q) a composite number?
True
Let u(z) = -2*z**3 - 3*z**2. Let q be u(-2). Suppose 20*d - 17*d = q*k + 5197, -6946 = -4*d + 2*k. Is d a prime number?
False
Suppose 5*w = -6087 - 2463. Let k be (-15)/60 - (1 + w/(-8)). Let v = 508 + k. Is v prime?
True
Let h(r) = -22*r - 11. Let j be h(5). Let o be 22/j - 8*(-1083)/(-22). Let i = -233 - o. Is i composite?
True
Suppose 6*g = -19 + 67. Let h(w) = -5*w**3 - 4*w**2 + 12*w - 1. Let z be h(g). Let l = -1504 - z. Is l a composite number?
False
Is (-31449 - -2)/(-1) + (-98 - -92) composite?
True
Let h = -84376 + 206825. Is h a prime number?
True
Suppose 2*b - t - 14946 = 5880, -2*b + 20802 = 5*t. Is b composite?
True
Is 245811 + 16/(-40)*25 composite?
True
Suppose d + 64859 - 465663 = -2*k, -k + 5*d + 200369 = 0. Is k a prime number?
False
Let g = -270 + 274. Suppose -8*v + 11*v - 46512 = -5*m, 0 = -g*v - 3*m + 62005. Is v a prime number?
False
Let o(k) = 5*k + 6. Let l be o(6). Suppose -l = -4*i - 0. Suppose -i*p + 1324 = -5*p. Is p a composite number?
False
Let y(a) = 6*a + 36. Let b be y(-5). Suppose -3*j + b*g + 3121 = 7*g, 5*g = -3*j + 3137. Is j a composite number?
False
Suppose -r + 5*r - 28 = 0. Let o(q) = -23*q - 16. Let d be o(r). Let x = d - -426. Is x a composite number?
True
Let a(k) = 3*k**2 - 7*k + 4. Let c be a(8). Let p(l) = 64 - 797*l - 67 - c*l. Is p(-1) a prime number?
False
Let u = -37 - -33. Let d be (-40)/(-16)*u/5. Is 3/(3/479) - d prime?
False
Let p(z) = -z**3 - 6*z**2 + 24*z + 36. Let f(o) = o - 24. Let r be f(11). Is p(r) prime?
True
Let j = 597 - 593. Suppose -11*f = 5*k - 13*f - 14073, -j*f = -4. Is k composite?
True
Suppose -322*r + 14 = -308*r. Let t(k) = 5393*k**2 - 8*k + 2. Is t(r) composite?
False
Suppose 0 = -21*x + 11*x + 60. Let s(d) = 20*d + 7. Is s(x) prime?
True
Let m(b) = 3943*b - 3976. Is m(11) composite?
False
Let u(r) = 458*r**3 + 3*r**2 + 3*r - 16. Let z be u(2). Let w = -1647 + z. Is w a composite number?
True
Let m(u) = u**3 + 6*u**2 + 2*u - 3. Let x be m(-6). Let q be (-2)/(-7) - (-5 + (-6364)/(-28)). Is q/x*(-25)/(-10) prime?
True
Suppose -7*z - 190680 = -194630 - 1038021. Is z prime?
True
Let w(c) = -23*c**2 - 3*c + 2. Let v be w(1). Let s be (16192/v)/(2/(-6)). Let z = s - 1305. Is z a composite number?
False
Let g be ((-42)/(-42)*(1 - 1))/(-1). Suppose g = 37*m - 1110895 + 206726. Is m prime?
False
Let y(k) = -21 - 4*k - 18 + 17*k + 19*k. Is y(29) prime?
False
Suppose 322 - 866 = 8*p. Let u be -1 - 49/(-17) - 8/p. Is (14 - -8195)*(3 - u) a prime number?
True
Let r be 8/68 - (-54)/(-459). Let g(m) = -m**2 - 6*m + 668. Let t(p) = p**2 + 7*p - 669. Let b(v) = 7*g(v) + 6*t(v). Is b(r) a composite number?
True
Suppose -2*l + 7*d - 6*d + 5034 = 0, -2*l + 5050 = 3*d. Is l a prime number?
False
Let s(o) = o**3 - 3*o**2 - 17*o - 4. Let m be s(6). Let y(p) = m*p + 12*p + p + 39 + 6*p**2 - 25. Is y(-9) prime?
False
Let z be (-2)/2*-1054*(-2)/(-4). Suppose 3*v - 520 = -y - v, y - 3*v = z. Suppose 0 = -5*o - 5*i + 615, 7*o - 3*o - 4*i - y = 0. Is o a composite number?
False
Suppose -103*r = -125*r + 2761594. Is r composite?
False
Suppose 0 = -3*x + 5*p + 14 + 10, x - 2*p - 9 = 0. Let g(q) = -7*q**3 - q**2 - 5*q + 10. Let w be g(x). Let o = -72 - w. Is o prime?
True
Let g(j) = 4*j - 24. Let w(y) = 9*y - 48. Let b(m) = 5*g(m) - 2*w(m). Let l be b(15). Suppose l*i - 2779 = -i. Is i composite?
False
Let n(v) be the third derivative of -271*v**6/60 + v**5/30 + v**4/6 + v**3/3 + 2*v**2 - 15*v. Let h be (5/10)/(1/(-2)). Is n(h) a prime number?
False
Let k(w) = 2*w**3 - 14*w**2 - 10*w - 21. Let p be k(10). Suppose p = -2*i + 3*i. Is i composite?
False
Let b be (145/232)/(2/16). Suppose b*f + 3*l - 275553 = 0, -f + 53644 + 1473 = -l. Is f a composite number?
True
Suppose -5*a + 5 = -19*z + 14*z, -2*a + 5 = z. Suppose a*y + 2327 = h, 2*h + y + 0*y = 4669. Is h composite?
False
Let g be 4/(4 + (392/(-12))/7). Is (57/6 - -1)*(-3308)/g a prime number?
False
Let g(a) = a**3 - 14*a**2 + 2*a**2 - 15*a - 5*a**2 + 0*a**2 - 6. Let x be g(19). Suppose -5*d = -2 - 13, -3*d = 2*s - x. Is s prime?
True
Let h(b) = -338*b**3 + 34*b**2 - 5*b + 17. Is h(-6) prime?
True
Suppose 13*y - 21220 = 3*y. Let f be (-6)/(-9) - (-355)/3. Let k = y - f. Is k prime?
True
Let a(f) = 1791*f**2 + 29*f + 101. Is a(-17) composite?
False
Suppose -5*w = 16*t - 13*t + 440, -5*t = -5*w + 760. Is 5*(-4)/t - (-361917)/135 composite?
True
Suppose -j - 2*l = 0, 4*j + 9 = 3*j - 5*l. Suppose 1148 + 1306 = j*g. Is g a composite number?
False
Let r be 14/(-77) + ((-57)/(-11) - -3). Suppose -4*o = -8, 3*s = r*s - 3*o - 5899. Is s composite?
False
Is ((-316)/(-237))/(4/7233) composite?
False
Let w(p) = p**3 - 5*p**2 + 20*p - 65. Let v be w(6). Let m = v + 838. Is m composite?
False
Is (-3 - 1439025/(-20)) + (-95)/76 prime?
True
Is (-376)/7332 + 6995159/39 a composite number?
True
Let p(q) = 8769*q - 3880. Is p(5) prime?
False
Suppose -6 = -x - 3*p, 2*p - 3*p = x - 4. Let j be 13 + (1/(2/6) - 2). Is x + ((-3600)/(-7) - j/49) prime?
False
Let l = 1551312 - 585563. Is l a composite number?
False
Let z = 404 - 78. Let f = z + 215. Is f a prime number?
True
Suppose -2*t - 1366 = -4*m, 1755 = -2*t - 5*m + 344. Let c = 1672 + t. Is c prime?
False
Let n = -1832 - -1843. Let g(a) be the first derivative of a**4/4 - 8*a**3/3 - 11*a**2 + 10*a + 1. Is g(n) composite?
False
Let u(k) = -4*k**3 - 25*k**2 + 18*k - 180. Is u(-23) composite?
False
Suppose 3*j - 4*x - 188 = -0*x, 3*j + x = 193. Let y = -58 + j. Suppose -y*g = 390 - 1512. Is g prime?
False
Let f(s) = -s**3 - 7*s**2 + 6. Let l be f(-6). Let o = 39 + l. Suppose 0 = o*d - 12*d + 447. Is d composite?
False
Suppose -3*l - 12 = -7*l. Suppose -79 = l*q - 91. Suppose 0 = -3*m - q*o + 10583 - 1280, -2*m + 6202 = -2*o. Is m composite?
True
Let t be 2*((-30)/(-4) - -1). Suppose 18*h - t*h - 1010 = 0. Suppose -374 = -4*i + 3*l + 407, -h = -5*i - 3*l. Is i composite?
False
Let v be 3/(-4)*-2*(-3 + 5). Suppose -671 = -3*k + 2*p, -p + 590 = v*k - 78. Is k a composite number?
False
Suppose -2*g + 35 - 7 = 2*j, 0 = 5*j. Suppose -23 + 21 = 2*u, 2*u - 18 = -4*i. Suppose -2*b - 58 = -2*x + g, -x - i*b + 6 = 0. Is x a prime number?
True
Let q(v) = v**3 - 35*v**2 - 114*v + 377. Is q(61) a prime number?
False
Suppose 5 = -c - 4. Let o(a) = 2*a + 13. Let v be o(c). Is 3*-1 - (-1741 